2)/(-4))/(18/432). Let l(a) = -17*a + 28*a + 30 - 20 - d*a. Give l(7).
3
Let f(k) = 2*k**2 + k - 1. Let j(i) = 7*i**2 + 13*i - 19. Let p(s) = 4*f(s) - j(s). Let u be p(5). Let m(w) = 2*w**2 + 10*w + 1. Determine m(u).
1
Let j(g) = g + 5 + g + 3. Let q = -1 - -3. Suppose 5 = 5*m, -q*x = m + 12 - 1. Give j(x).
-4
Suppose 2*a + 216 = -22*a. Let p(z) = -3*z - 26. Determine p(a).
1
Let k(c) be the second derivative of -c**3/3 - 7*c**2/2 + 294*c + 113. Let v(a) = a - 1. Let o be v(8). Suppose 21 + o = -4*r. What is k(r)?
7
Let n(u) = 13*u + 85 - 14*u - 2*u**2 + u**3 - 38 + u**2 - 40. Let j(d) = d - 1. Let s be j(1). Determine n(s).
7
Let m(q) = 2*q**2 + 16 + 11 + 13*q - 2*q**2 + q**2 + 0. Determine m(-12).
15
Let c(u) = -232*u + 660. Let g be c(3). Let y(z) = -8*z - 289. Calculate y(g).
-1
Let h = -303 + 308. Suppose q = 5*t + 57, -q = -2*t - h*q - 14. Let p(v) = v + 17. Give p(t).
6
Let u(j) = -725*j + 13776. Let d be u(19). Let z(x) = -10 - 10 + 22 + 18*x**2 - 3*x. Give z(d).
17
Let d = -12426 - -12431. Let y(u) = 9*u - 21. Give y(d).
24
Let i(g) = 2*g**3 + g**2 + 6*g - 5. Suppose 2*v - 3*l = 22, -7*l + 3*l - 30 = -3*v. Determine i(v).
27
Let t(o) = 13*o**3 - 95*o**2 - 121*o - 40. Let k(m) = -5*m**3 + 34*m**2 + 42*m + 13. Let n(s) = 8*k(s) + 3*t(s). Give n(-11).
39
Let m(t) = t**3 + 7*t**2 + 9*t + 24. Suppose 0 = -5*y + 5*o - 15, 24*o - 27*o = y + 15. Give m(y).
6
Let o(a) = -a**3 - 3*a + 2 + 0*a**2 + 7*a**2 - 2*a**2. Let h(s) = 3*s - 21. Let b be h(7). Suppose b = -0*d - d + 2*x, 5*d + 2*x = 12. Calculate o(d).
8
Let o(z) = 10*z + 2. Let p(c) = c. Suppose 11*s - 27 = -16. Let q(x) = s*o(x) - 5*p(x). Calculate q(-5).
-23
Let m(l) = -22*l - 296. Let s be m(-14). Let z(w) = w**3 - 11*w**2 - 11*w - 24. What is z(s)?
-12
Let c(d) = -3*d + 4*d + d + 0*d. Suppose 17 = 18*f - 91. What is c(f)?
12
Suppose -40 = -5*a + 5*k, -k - 24 = -19. Let u(b) = 0*b - a*b - 25 + 5*b + 46 - 16. Suppose -6*p = -p + 20. Give u(p).
-3
Let p(w) = -2*w + 6. Let h(d) = 3*d - 7. Let t be h(4). Suppose 2*j - 10 = t*g, 2*g - 3*j = -g - 15. What is p(g)?
6
Let w(r) = 3*r + 31. Suppose -b = 4*x + 15, -58*b + 5*x + 3 = -57*b. Give w(b).
10
Suppose -3*w + f + 35 = 0, 0*f = -2*w + 2*f + 30. Suppose 5*q - w = -50. Let t(k) be the second derivative of k**3/3 + 3*k**2 + 13*k. What is t(q)?
-10
Let d be (-11)/((-33)/6)*(5 + 13/26). Let a(c) = -10*c + 107. What is a(d)?
-3
Let o(a) = a**2 - 11*a - 2. Let s = -12512 + 12522. Calculate o(s).
-12
Suppose 2*q - 4*u + 12 = 0, 3 + 7 = 2*u. Let f(z) = z**3 - 3*z**2 - 6*z + 5. Determine f(q).
-3
Let z(d) = d**2 + 7*d - 5. Suppose -2*y = -2*g + 188, -4*g + 195 = -5*y - 273. Let m = -99 - y. Determine z(m).
-5
Let c be 15/(-4 - 10/(-4)). Let m = 6 + c. Let p = m + 1. Let h(x) = -3*x + 2. Calculate h(p).
11
Suppose -3*c + 5*c = 24. Suppose 9*g - c = 11*g. Let o(k) = -k**3 - 4 + 7 + 1396*k**2 - 4*k - 1403*k**2. Give o(g).
-9
Let a(v) be the third derivative of v**7/5040 - v**6/360 + 11*v**5/30 - v**4/12 + 135*v**2. Let n(t) be the third derivative of a(t). Calculate n(4).
2
Suppose -6*q - 52*q - 232 = 0. Let j(c) = -12*c**2 - 54*c - 11. Calculate j(q).
13
Let p(l) = -l**2 + 4*l - 1. Let v(r) = -r**3 - 20*r**2 + 10*r + 50. Let o be v(-20). Let w be (3 + o/40)/((-1)/4). What is p(w)?
2
Let z(d) = 24*d**3 + 97*d**2 - 3*d - 4. Let o(u) = -u**3 + 19*u**2 - 1. Let g(a) = -5*o(a) + z(a). Determine g(1).
29
Let l(a) be the second derivative of -a**3/2 + 2*a**2 + 19*a. Let s = -43 - -19. Let v = s - -30. Calculate l(v).
-14
Let i(m) = 34 + 17*m - 6398*m**3 + 12789*m**3 - 6390*m**3 + 14*m**2. Give i(-11).
210
Suppose -139*h + 5782 = -965*h. Let b(f) = -f + 2*f + f + 15. Determine b(h).
1
Let m(u) = u**2 - 2*u - 3. Let l be m(5). Suppose -4*j - 5*y = -2*j - 51, 5*y = 5*j - 40. Let s(x) = 2*x - x + j + 6 - 34. Determine s(l).
-3
Let l(q) = -q**2 + 45*q + 207. Suppose -5*k + 239 = 59*o - 60*o, -3*k - 2*o + 159 = 0. What is l(k)?
11
Let g(v) = v**3 + 3*v**2 - 6*v + 22. Let s be g(-5). Let m(c) = -3 + 4 - c**2 - 14*c + 3*c**s + 6*c. Give m(4).
1
Let x(r) be the third derivative of r**6/12 - r**5/60 + r**4/24 - 2*r**2 + r + 24. Suppose 0 = -3*h - 0 + 3. What is x(h)?
10
Let l(f) = -f**3 - 7*f**2 - f - 7. Let a(o) = -29*o - 17. Let z be a(-1). Let n be ((-1)/(-3))/(z/(-252)). Give l(n).
0
Suppose 4*g - 138 = g + 5*s, -g + 2*s = -46. Suppose 0 = -6*z - g - 20. Let x(q) = q - 2. What is x(z)?
-13
Let w(s) = s**3 + 38 - 10*s**2 - 29*s - 4*s**2 - 10*s**2 + 13*s**2. Determine w(13).
-1
Let k(y) be the first derivative of y**4 + y**3 - 5*y**2/2 + 5*y + 1483. Determine k(2).
39
Let n(f) be the third derivative of -f**6/30 + f**3/6 + f**2. Let c be n(1). Let i(p) = -48*p**2 - 10 + 35*p**2 + 14*p**2 + 9 + p. Calculate i(c).
5
Let i be (6/2)/(6/(-6)). Let o be (i - -3)/1 + 5. Let r(m) = -3*m - 64. Let v(a) = 2*a + 48. Let h(w) = 3*r(w) + 4*v(w). Determine h(o).
-5
Suppose -71*m = -10 - 132. Let d(a) be the first derivative of 2/3*a**3 - 22 + a**m - a. Calculate d(-3).
11
Let b(c) = c + 6. Suppose 0 = -3*x - 4*h - 58, -5*x - 162*h = -163*h + 66. Calculate b(x).
-8
Let d(f) = -11428*f + 34301*f - 11431*f - 57 - 11428*f - f**2. Calculate d(9).
-12
Let y(s) = -55*s**3 + s**2 + 5*s - 11. Let q(l) = -68*l**3 + 2*l**2 + 5*l - 12. Let b(v) = 4*q(v) - 5*y(v). Calculate b(2).
33
Let o be 3/(-12) - 15/4. Let h = o + 6. Suppose -5*t + 2*j - 3 = 11, t - 2*j - h = 0. Let w(n) = -n**3 - 6*n**2 - 6*n - 1. Determine w(t).
-9
Let j(s) be the first derivative of s**4/4 + 3*s**3 + 5*s**2/2 - 6*s - 1008. Determine j(-8).
18
Let v(n) be the first derivative of -n**2/2 - 22*n - 620. Give v(0).
-22
Let a(y) = 2*y - 11. Let h(w) = 9*w + 45. Let m be h(-5). Let q be a(m). Let b(f) = f + 11. What is b(q)?
0
Let v(n) = 912*n**2 + 908*n**2 - n - 1819*n**2 - 4*n. What is v(4)?
-4
Suppose 0 = -3*c - 2*d - 2*d + 101, -4*c + 5*d = -83. Let l be (-12)/c - 46/18. Let o(g) = 6*g - 3. Calculate o(l).
-21
Suppose -17182 = 21*c - 5065. Let x = c + 584. Let j(r) = r**2 - 3*r - 10. Determine j(x).
18
Let s(a) be the third derivative of -a**5/60 - 7*a**4/24 + a**3/3 - 551*a**2 + 39*a. Let l(g) = -g**3 - 4*g**2 + 4. Let d be l(-3). What is s(d)?
12
Let a = 3 - 45. Suppose 3*p - 2*b - 2*b - 132 = 0, -5*b = 0. Let j = a + p. Let s(k) = -2*k**2 + 2. Calculate s(j).
-6
Let x = -96 + 104. Let f(g) = -7*g - x*g + 1 - 4 + 16*g. Determine f(-4).
-7
Let k = 87 - 81. Let s(p) be the third derivative of -p**6/120 + 7*p**5/60 - p**4/3 + p**3 - 141*p**2. What is s(k)?
-6
Let z(r) = 24*r + 90. Let j be -4*(((-15)/(-5) - 6) + 4)/1. Calculate z(j).
-6
Let h(k) be the third derivative of k**5/10 - k**4/24 - k**3/2 + 360*k**2 - 3. Give h(4).
89
Let x(d) = 5*d**3 - 65*d**2 + 55*d - 71. Let s(r) = -r**3 + 16*r**2 - 14*r + 17. Let g(v) = -9*s(v) - 2*x(v). What is g(-15)?
-26
Let b be (-2)/(4/(-15))*6/5. Let i(u) = b*u**2 - 4*u - 2 - 10*u + 6*u - u**3. Calculate i(8).
-2
Suppose 4*o + 6 = -3*w, -11*w + 6*w = 5*o + 15. Let a(d) = -d**3 + 4*d**2 - 6*d - 3. Determine a(o).
-12
Let z(j) = j**2 - 2. Let a(w) = -3*w**2 - 8*w - 2. Let v(b) = -a(b) - 4*z(b). Let n(q) = -q**3 + 5*q**2 + 7*q + 1. Let h = 16 + -10. Let k be n(h). Give v(k).
17
Let a(o) = -o**3 + 2*o + 22. Let h(c) = 2*c**3 + c**2 - 3*c - 43. Let x(k) = -11*a(k) - 6*h(k). Give x(-4).
0
Let c(h) be the third derivative of -1/60*h**5 - 20*h**2 + 0*h - 1/4*h**4 - 2 - 7/6*h**3. What is c(-7)?
-14
Let p(r) = 180*r + 5. Let m(h) = -43*h - 1. Let k(b) = -25*m(b) - 6*p(b). Determine k(-5).
20
Let p(t) = -t - 8. Let k = -13220 - -13199. Give p(k).
13
Let r(t) = 4*t**2 - 3*t + 3. Let d = -27 - -28. Let n be r(d). Let q(f) = -6 - 4*f + 3*f + 0*f + n*f + f**2. Determine q(-5).
4
Suppose 0 = 2*t + 20 - 24. Let q(a) = -a**2 + 11*a - 6. Let z be q(10). Let r(d) = -z*d - 3*d - d**2 + 5*d + 5*d**2. Determine r(t).
12
Let n(b) = -3*b - 526*b**2 + 4 + 525*b**2 - 2. Let s be n(2). Let i(v) be the second derivative of v**3/6 - v**2/2 - 18*v. What is i(s)?
-9
Let l(o) = -4*o**2 + 5. Let j(m) = -m**3 - 2*m + 4. Let q(n) = 2*j(n) - l(n). What is q(3)?
-27
Let h be (57 + -12)/(-15)*(5 - 2). Let c(j) be the second derivative of -j**5/20 - 5*j**4/6 - j**3 + 7*j**2/2 + 7*j. Determine c(h).
-20
Let c = 1132 - 1133. Let d(f) = 2*f - f - 10*f. Calculate d(c).
9
Let o(s) = -8*s**2 + 20*s + 239. Let v be o(-9). L